{"id":1366,"date":"2023-01-05T09:59:21","date_gmt":"2023-01-05T08:59:21","guid":{"rendered":"https:\/\/www.gefleflytt.se\/?post_type=product&#038;p=1366"},"modified":"2025-03-24T15:42:39","modified_gmt":"2025-03-24T14:42:39","slug":"packtejp","status":"publish","type":"product","link":"https:\/\/www.gefleflytt.se\/en\/product\/packtejp\/","title":{"rendered":"Packtejp"},"content":{"rendered":"<p>Packtejp perfekt f\u00f6r f\u00f6rslutning av l\u00e4tta till medeltunga varor. Anv\u00e4nds av v\u00e5ra kunder f\u00f6r att s\u00e4tta ihop och f\u00f6rsluta specialkartonger s\u00e5 som garderobskartong, binda ihop gardinst\u00e4nger, spadar och liknande.<\/p>","protected":false},"excerpt":{"rendered":"<p>Packtejp perfekt f\u00f6r f\u00f6rslutning av l\u00e4tta till medeltunga varor. Anv\u00e4nds av v\u00e5ra kunder f\u00f6r att s\u00e4tta ihop och f\u00f6rsluta specialkartonger s\u00e5 som garderobskartong, binda ihop gardinst\u00e4nger, spadar och liknande.<\/p>","protected":false},"featured_media":1362,"comment_status":"closed","ping_status":"closed","template":"","meta":{"_monsterinsights_skip_tracking":false,"_monsterinsights_sitenote_active":false,"_monsterinsights_sitenote_note":"","_monsterinsights_sitenote_category":0},"product_brand":[],"product_cat":[25],"product_tag":[],"class_list":{"0":"post-1366","1":"product","2":"type-product","3":"status-publish","4":"has-post-thumbnail","6":"product_cat-tillbehor","8":"first","9":"instock","10":"taxable","11":"shipping-taxable","12":"purchasable","13":"product-type-simple"},"_links":{"self":[{"href":"https:\/\/www.gefleflytt.se\/en\/wp-json\/wp\/v2\/product\/1366","targetHints":{"allow":["GET"]}}],"collection":[{"href":"https:\/\/www.gefleflytt.se\/en\/wp-json\/wp\/v2\/product"}],"about":[{"href":"https:\/\/www.gefleflytt.se\/en\/wp-json\/wp\/v2\/types\/product"}],"replies":[{"embeddable":true,"href":"https:\/\/www.gefleflytt.se\/en\/wp-json\/wp\/v2\/comments?post=1366"}],"wp:featuredmedia":[{"embeddable":true,"href":"https:\/\/www.gefleflytt.se\/en\/wp-json\/wp\/v2\/media\/1362"}],"wp:attachment":[{"href":"https:\/\/www.gefleflytt.se\/en\/wp-json\/wp\/v2\/media?parent=1366"}],"wp:term":[{"taxonomy":"product_brand","embeddable":true,"href":"https:\/\/www.gefleflytt.se\/en\/wp-json\/wp\/v2\/product_brand?post=1366"},{"taxonomy":"product_cat","embeddable":true,"href":"https:\/\/www.gefleflytt.se\/en\/wp-json\/wp\/v2\/product_cat?post=1366"},{"taxonomy":"product_tag","embeddable":true,"href":"https:\/\/www.gefleflytt.se\/en\/wp-json\/wp\/v2\/product_tag?post=1366"}],"curies":[{"name":"wp","href":"https:\/\/api.w.org\/{rel}","templated":true}]}}

<p>Packtejp perfekt för förslutning av lätta till medeltunga varor. Används av våra kunder för att sätta ihop och försluta specialkartonger så som garderobskartong, binda ihop gardinstänger, spadar och liknande.</p>
